 Let c be (-54 + 52)*(-2)/(1*2). Suppose -2*m + 90 = c*j - j, i = 4*m - 20. What are the prime factors of j?
2, 5
Let v be (-7079)/(-8) + 3/24. Let k = -616 + v. Suppose 0 = 3*g + 8 - k. List the prime factors of g.
3, 29
Suppose 4 - 76 = -6*g. Let u(s) = -s**3 + 11*s**2 + 13*s - 7. Let n be u(g). Suppose -n*h - 156 = -561. List the prime factors of h.
3
Suppose -3*o - v + 10951 = -0*v, 5*o + 4*v - 18247 = 0. List the prime factors of o.
3, 1217
Let m be 4/6*(-145 + 3 - -1). Let u = m - -97. Suppose -u*v = -0*v - c - 75, 4*v + 3*c = 100. What are the prime factors of v?
5
What are the prime factors of (0 - (4 + (-55)/10))*(2248 - 6)?
3, 19, 59
Let l = 29594 + -15315. List the prime factors of l.
109, 131
Let d(a) = -a**3 - 5*a**2 + 2*a + 41. Let j be d(-6). Suppose -60*f - 1500 = -j*f. List the prime factors of f.
2, 3, 5
Suppose 4*a = 2*a + 240. Suppose a = 9*j - 375. Let u = j + -12. List the prime factors of u.
43
Let d = -203 + 464. Let u = 240 - 412. Let x = u + d. List the prime factors of x.
89
Let h = 10698 + -2183. What are the prime factors of h?
5, 13, 131
Let t(u) = 22*u**3 - 3*u**2 + 2*u + 32. Let j be t(4). Suppose -2786 = 3*o - 5*o + x, -j = -o + 4*x. What are the prime factors of o?
2, 3, 29
Suppose h = 5*a - 3*h - 1416, 5*h - 1141 = -4*a. Let d = 305 - a. List the prime factors of d.
3, 7
Suppose 28*q = 21*q + 19040. Suppose -q = 3*p - 19*p. List the prime factors of p.
2, 5, 17
Let m(g) be the third derivative of 17/2*g**3 + 2*g**2 + 0 + 11*g + 9/8*g**4. What are the prime factors of m(7)?
2, 3, 5
Let b(t) = 22*t**3 - 2*t**2 + 23*t**3 - 44*t**3 - 3*t + 10*t**2 - 11. Let w be 2/3 - 52/6. What are the prime factors of b(w)?
13
Suppose 0 = 6*b - 11*b + 25, 5*f - 5*b = 0. Let u be (-1)/3 - 4880/(-15). Suppose -3*o = -f*r - u, 3*r = 4*o - 3*o - 111. List the prime factors of o.
3, 5, 7
Suppose 2 = -17*m + 2. Suppose 20*n + 886 - 4486 = m. What are the prime factors of n?
2, 3, 5
Let o(u) = 3*u + 76. Let x be o(-7). List the prime factors of (-6204)/x*(-20)/3.
2, 47
Let t(o) = 12*o - 28. Let v be t(3). What are the prime factors of (6/9)/(v/(-1164)*-1)?
97
Let a be (-12)/(-3) - (-1 - 100). Suppose 6*m - a = m. Suppose -r = -2*f + m + 6, 0 = -5*f - 4*r + 48. List the prime factors of f.
2, 3
Suppose 7*q - 3*q = 2*t - 18, 4*t + 4*q = 0. Suppose 2 + t = -5*d, -5*d = -3*f + 5. Suppose f = 82*i - 84*i + 80. List the prime factors of i.
2, 5
Suppose -4*n + 2*h = -51 + 1483, -4*h = -16. What are the prime factors of -33 + 37 - (-1 + n)?
19
Suppose -80*g + 946518 + 638793 + 1566129 = 0. List the prime factors of g.
3, 1459
Suppose -11*m + 7*m - 7840 = 0. Let j = m - -3334. Suppose 0 = 9*c - j - 741. List the prime factors of c.
5, 47
Let m(l) = -l + 1. Let p(a) = -50*a**2 - 22. Let z(q) = -6*m(q) - p(q). What are the prime factors of z(-2)?
2, 3, 17
Suppose -7*i - 180 + 1118 = 0. Suppose 2*o - i = -0*o. What are the prime factors of o?
67
Let s(y) = y**2 + 3*y + 4. Let n be s(-2). Let r(m) = -m**2 - 18*m - 8. Let v be r(-16). Suppose n*d + v - 332 = 0. List the prime factors of d.
2, 7, 11
Let q be 324 + -1 + (-95 - -87). Suppose -5*p + q = -4625. List the prime factors of p.
2, 13, 19
What are the prime factors of 10087 - (-208)/(-28 + 15)?
3, 373
Let q(w) = 1976*w + 10612. List the prime factors of q(15).
2, 29, 347
Let l(h) = -h**2 - 8*h + 3. Let x be l(-7). Suppose -x = 2*s - 18. List the prime factors of (40/12 - s)*-42.
2, 7
Let g(k) = -5*k**3 - 3*k**2 + 3*k + 3. Let c(f) = -f. Let a(z) = -c(z) - g(z). Let i be a(2). Suppose -i + 600 = 5*s. What are the prime factors of s?
3, 37
Suppose 0 = -16*d - 6*d - 242. List the prime factors of 4/(-1) + (365 - d).
2, 3, 31
Suppose m + 2*m = -4*h + 73, h = m - 15. Suppose 3*z = -0*b - 5*b + 638, -12 = 3*z. Suppose -t + b = m. List the prime factors of t.
3, 37
Let f(z) = 90*z**2 + 9*z - 20. Let k be f(2). Let q = 260 + k. List the prime factors of q.
2, 3, 103
Suppose -70*f - 3*f = -95265. List the prime factors of f.
3, 5, 29
Suppose 0 = -21*q + 133401 + 73449. List the prime factors of q.
2, 5, 197
Let k(v) = 25*v**2 + 11*v + 35. Let b be k(-4). Let s = b + -107. What are the prime factors of s?
2, 71
Let f(r) be the first derivative of -21*r**2/2 + 51*r - 117. List the prime factors of f(-10).
3, 29
What are the prime factors of (-1)/1*(23 + -19)*(-10967)/4?
11, 997
Let p = 128 - 131. List the prime factors of -17 + 828 + p/6*-2.
2, 7, 29
Suppose -3*t = 3*d, -5*t - 3 = -0*d + 4*d. Suppose m + 0*m = 3*r + 17, 2*r + d*m = -4. List the prime factors of 40/(((-20)/8)/r).
2, 5
Let m(r) = 1047 - r - 1062 + 0*r. Let n be m(-18). Suppose -n*l - l + 4*d + 428 = 0, 3*l + 5*d = 305. List the prime factors of l.
3, 5, 7
Let k be ((-3)/2)/(15/10). Let w be k/3*(-3 - -27)*-1. Let z(j) = 15*j - 24. What are the prime factors of z(w)?
2, 3
Let v(s) = 2*s**3 + 21*s**2 - 12*s - 2. Let k be v(-11). Suppose -2*z + 5 = -5*n + k, 5*z + 5*n - 25 = 0. What are the prime factors of z?
3
Let p = 18985 + -13837. What are the prime factors of p?
2, 3, 11, 13
Let f = -4816 - -7875. What are the prime factors of f?
7, 19, 23
List the prime factors of (1 + (-13941)/6)*(-80)/50.
2, 929
Let n = -63 + -7. Let b = n + 64. What are the prime factors of b/(-4) - 291/(-6)?
2, 5
Suppose 12*u + 1436 - 23369 = 3*b, 2*b + 3654 = 2*u. List the prime factors of u.
2, 457
Let y be (-89 + -7)/(-6) - 4. What are the prime factors of y*80/6 - 5?
5, 31
Suppose -151 = 5*p + 44. Let v = 77 - p. Suppose v = 3*x - 70. List the prime factors of x.
2, 31
Suppose -393 = 24*w - 1449. Let m(x) = -x - 3. Let s be m(6). Let v = w - s. List the prime factors of v.
53
Suppose 0*h + 2*h = -4*p - 414, 2*p - 2*h = -222. Let x be (0/4 - -5)*(-66)/10. Let u = x - p. List the prime factors of u.
73
Let r = 814 - -2081. What are the prime factors of r?
3, 5, 193
Suppose 5*l + 4*d - 7 = 1, l + 2*d - 4 = 0. Suppose 3*i - 7*i = -984. Suppose l = 3*b - i - 63. What are the prime factors of b?
103
Suppose -105 = -6*r - 93. Suppose -4*a + 3*g + 1008 = -r*g, -4*a + 1008 = g. List the prime factors of a.
2, 3, 7
Suppose -6*g - 11*g = -119. Let p(s) = -s**3 + s**2 + s. Let b be p(0). Suppose g*h - 503 - 176 = b. What are the prime factors of h?
97
Let l be ((-6)/24)/((-1)/8). Suppose -2*u = 2*u - l*u. Let q(v) = -v + 110. List the prime factors of q(u).
2, 5, 11
Let v be (-59483)/85 + (12/(-10) - -2). What are the prime factors of (-1 - v)*62/124?
349
Suppose -18*o = -16*o - 4. Suppose 52 = o*r - 0*r. What are the prime factors of (3 - 1 - r)*(5 - 6)?
2, 3
Let o(f) = 913*f - 1403. List the prime factors of o(4).
13, 173
Let p(b) = -49*b**3 + 7*b**2 + 24*b + 188. What are the prime factors of p(-6)?
2, 5, 17
Let u(h) = -h**2 - h + 2. Let r be u(0). Let k be r/(-8) - 1237/(-4). Suppose 4*x - 5*y + 79 = k, 0 = 4*x + 5*y - 250. What are the prime factors of x?
2, 3, 5
List the prime factors of 10/65 - 207888/(-52).
2, 1999
Let f(n) = 74*n**2 - 184*n - 5. List the prime factors of f(-7).
4909
List the prime factors of -1 + ((-2)/(-16) - 4*(-1879683)/416).
11, 31, 53
Let z(f) = 67*f**2 + 9*f + 31. Let s be z(9). Suppose s = -13*k + 20970. List the prime factors of k.
1187
What are the prime factors of 2680 + ((-1)/17 - (-2781)/459)?
2, 17, 79
What are the prime factors of (4321/596)/((-1)/(-3000))?
2, 3, 5, 29
Suppose 26 = 14*h + 82. Let m be 1/((-2)/(h - -6))*0. Suppose -2*b + 2 + 146 = m. List the prime factors of b.
2, 37
Suppose 4*s = 4*z - 848, 3*z - 225 = -3*s + 435. Suppose z + 28 = 2*n. List the prime factors of n.
2, 61
Suppose -418 = -3*o + 2*y - 0*y, -5*y = -o + 135. Let s be (1904/o)/(0 + 2/(-10)). Let p = s + 323. List the prime factors of p.
3, 5, 17
Suppose -42*v = -43*v - 3*p + 3250, 13056 = 4*v + 4*p. What are the prime factors of v?
3271
Let m(h) = 2*h**3 - 3*h**2 - 7*h - 1. Let k be m(3). Suppose -1920 = -k*g - 5*c, 0 = -2*g + 2*c + 217 + 559. List the prime factors of g.
2, 193
Let f(v) = 16*v**2 + 10*v - 77. Let l(g) = -26*g**2 - 21*g + 153. Let m(p) = 5*f(p) + 3*l(p). What are the prime factors of m(12)?
2, 103
Let x be (-6 + 10)*(-22)/(-4). Let a = -18 + x. Suppose 4*i + a*v - 196 = 0, -2*i + 209 - 76 = -5*v. List the prime factors of i.
2, 3
Let v = -1434 - -2096. Suppose 2*t - h - v = 457, -4 = 4*h. What are the prime factors of t?
13, 43
Suppo